{"id":380,"date":"2019-12-09T17:03:26","date_gmt":"2019-12-09T17:03:26","guid":{"rendered":"https:\/\/vestjysk-totalservice.dk\/?page_id=380"},"modified":"2025-12-16T11:37:08","modified_gmt":"2025-12-16T10:37:08","slug":"juletilbud","status":"publish","type":"page","link":"https:\/\/vestjysk-totalservice.dk\/","title":{"rendered":"Haveservice &#038; Anl\u00e6gsarbejde"},"content":{"rendered":"\n<p>B<mark style=\"background-color:rgba(0, 0, 0, 0)\" class=\"has-inline-color has-black-color\">estil din Gr\u00e6ssl\u00e5ning &amp; h\u00e6kkeklipning nu <\/mark><\/p>\n\n\n\n<p class=\"has-black-color has-text-color\"><mark style=\"background-color:rgba(0, 0, 0, 0)\" class=\"has-inline-color has-black-color\">Tr\u00e6er f\u00e6ldes og buske og h\u00e6kke besk\u00e6res og fjernes <\/mark><\/p>\n\n\n\n<p><mark style=\"background-color:rgba(0, 0, 0, 0)\" class=\"has-inline-color has-black-color\">H\u00e6kke klippes ogs\u00e5 for industri og foreninger<\/mark><\/p>\n\n\n\n<p>Fliserens m\/ b\u00f8rster<\/p>\n\n\n\n<p>Algebehandling <\/p>\n\n\n\n<p class=\"has-black-color has-text-color\"><mark style=\"background-color:rgba(0, 0, 0, 0)\" class=\"has-inline-color has-black-color\">Rod\/stubfr\u00e6sning <\/mark><\/p>\n\n\n\n<p class=\"has-black-color has-text-color\">Ops\u00e6tning og rep af Hegn <\/p>\n\n\n\n<p class=\"has-black-color has-text-color\"><mark style=\"background-color:rgba(0, 0, 0, 0)\" class=\"has-inline-color has-black-color\">Etablering af gr\u00e6spl\u00e6ner og reparation af \u00e6ldre gr\u00e6spl\u00e6ner<\/mark><\/p>\n\n\n\n<p><mark style=\"background-color:rgba(0, 0, 0, 0)\" class=\"has-inline-color has-black-color\">Etablering af h\u00e6kke fra A-Z<\/mark><\/p>\n\n\n\n<p>Etablering og s\u00e5ning af rabatter &amp; skr\u00e5ninger m\/ kornblomster, gr\u00e6sser m\/m<\/p>\n\n\n\n<p class=\"has-black-color has-text-color\"><mark style=\"background-color:rgba(0, 0, 0, 0)\" class=\"has-inline-color has-black-color\">Gr\u00e6ssl\u00e5ning ogs\u00e5 st\u00f8rre arealer . <\/mark><\/p>\n\n\n\n<p><mark style=\"background-color:rgba(0, 0, 0, 0)\" class=\"has-inline-color has-black-color\">Servicering i sommerhusomr\u00e5derne ( H\u00f8r n\u00e6rmere )<\/mark><\/p>\n\n\n\n<p><mark style=\"background-color:rgba(0, 0, 0, 0)\" class=\"has-inline-color has-black-color\">Slagleklipning nu ogs\u00e5 p\u00e5 skr\u00e5ninger og gr\u00f8fter m\/m<\/mark><\/p>\n\n\n\n<p class=\"has-black-color has-text-color\"><mark style=\"background-color:rgba(0, 0, 0, 0)\" class=\"has-inline-color has-black-color\">Flishugning og tr\u00e6f\u00e6ldning udf\u00f8res.<\/mark><\/p>\n\n\n\n<p class=\"has-black-color has-text-color\"><strong>Der kan gives et fast tilbud p\u00e5 en havepasning .. for en s\u00e6son fra ultimo 1\/4 &#8211; 1\/11<\/strong><\/p>\n\n\n\n<p><mark style=\"background-color:rgba(0, 0, 0, 0)\" class=\"has-inline-color has-black-color\">Maskinerne kr\u00e6ver ikke meget plads , s\u00e5 de kan komme ind hvor st\u00f8rre maskiner m\u00e5 give op<\/mark><\/p>\n\n\n\n<figure class=\"wp-block-gallery has-nested-images columns-3 is-cropped wp-block-gallery-1 is-layout-flex wp-block-gallery-is-layout-flex\">\n<figure class=\"wp-block-image size-full\"><img loading=\"lazy\" decoding=\"async\" width=\"553\" height=\"739\" data-id=\"757\" src=\"https:\/\/vestjysk-totalservice.dk\/wp-contents\/uploads\/2025\/12\/IMG_20250410_123333956.jpg\" alt=\"\" class=\"wp-image-757\" srcset=\"https:\/\/vestjysk-totalservice.dk\/wp-contents\/uploads\/2025\/12\/IMG_20250410_123333956.jpg 553w, https:\/\/vestjysk-totalservice.dk\/wp-contents\/uploads\/2025\/12\/IMG_20250410_123333956-224x300.jpg 224w\" sizes=\"auto, (max-width: 553px) 100vw, 553px\" \/><\/figure>\n\n\n\n<figure class=\"wp-block-image size-full\"><img loading=\"lazy\" decoding=\"async\" width=\"553\" height=\"739\" data-id=\"758\" src=\"https:\/\/vestjysk-totalservice.dk\/wp-contents\/uploads\/2025\/12\/IMG_20250410_141915466.jpg\" alt=\"\" class=\"wp-image-758\" srcset=\"https:\/\/vestjysk-totalservice.dk\/wp-contents\/uploads\/2025\/12\/IMG_20250410_141915466.jpg 553w, https:\/\/vestjysk-totalservice.dk\/wp-contents\/uploads\/2025\/12\/IMG_20250410_141915466-224x300.jpg 224w\" sizes=\"auto, (max-width: 553px) 100vw, 553px\" \/><\/figure>\n\n\n\n<figure class=\"wp-block-image size-full\"><img loading=\"lazy\" decoding=\"async\" width=\"553\" height=\"739\" data-id=\"759\" src=\"https:\/\/vestjysk-totalservice.dk\/wp-contents\/uploads\/2025\/12\/IMG_20250520_101816782.jpg\" alt=\"\" class=\"wp-image-759\" srcset=\"https:\/\/vestjysk-totalservice.dk\/wp-contents\/uploads\/2025\/12\/IMG_20250520_101816782.jpg 553w, https:\/\/vestjysk-totalservice.dk\/wp-contents\/uploads\/2025\/12\/IMG_20250520_101816782-224x300.jpg 224w\" sizes=\"auto, (max-width: 553px) 100vw, 553px\" \/><\/figure>\n<\/figure>\n\n\n\n<h2 class=\"wp-block-heading\"><strong>Vi giver gerne et gratis uforpligtende tilbud.<\/strong><\/h2>\n\n\n\n<p class=\"has-black-color has-text-color\"><strong>Hvorn\u00e5r skal man klippe sine h\u00e6kke?<\/strong><\/p>\n\n\n\n<p class=\"has-black-color has-text-color\">35 \u00e5r erfaring g\u00f8r forskellen og husk Servicefradraget som jeg gerne er behj\u00e6lpelig med.<\/p>\n\n\n\n<p class=\"has-black-color has-text-color\">L\u00f8vb\u00e6rende h\u00e6kke som b\u00f8g, liguster, naur, tj\u00f8rn, fejdribs og avnb\u00f8g skal klippes omkring Sankt Hans og derefter studses igen i august m\u00e5ned. <\/p>\n\n\n\n<p class=\"has-black-color has-text-color\">\u00d8nsker du kun at klippe h\u00e6kken en gang foresl\u00e5r jeg Juli \/ august m\u00e5ned hvor v\u00e6ksten er p\u00e5 sit h\u00f8jeste, mens lidt ny v\u00e6kst stadig vil fremkomme og g\u00f8re h\u00e6kken flot og frisk igen. Derudover er de sm\u00e5 fugleunger fl\u00f8jet fra reden.<\/p>\n\n\n\n<p class=\"has-black-color has-text-color\">Hvad ang\u00e5r stedsegr\u00f8nne h\u00e6kke som taks og thuja er det bedst at klippe dem i april-maj. Det er dog ogs\u00e5 muligt at klippe dem i august.<\/p>\n\n\n\n<p class=\"has-black-color has-text-color\">N\u00e5r det kommer til l\u00e6rk, er det  bedst at klippe h\u00e6kken i juli eller om vinteren.<\/p>\n\n\n\n<p class=\"has-black-color has-text-color\">Har du derimod en blomstrende h\u00e6k, skal du ikke t\u00e6nke p\u00e5 klipning. Blomstrende h\u00e6kke skal nemlig ikke klippes ned, men derimod sk\u00e6res ned til ca 15 cm h\u00f8jde med nogle \u00e5rs mellemrum. Dette er med til at holde h\u00e6kken frisk og sund.<\/p>\n\n\n\n<p><mark style=\"background-color:rgba(0, 0, 0, 0)\" class=\"has-inline-color has-vivid-red-color\">Nedefor ses en proces hvor gammel h\u00e6k fjerne &amp; ny plantes ( F\u00f8r og efter )<\/mark><\/p>\n\n\n\n<div class=\"wp-block-columns is-layout-flex wp-container-core-columns-is-layout-9d6595d7 wp-block-columns-is-layout-flex\">\n<div class=\"wp-block-column is-layout-flow wp-block-column-is-layout-flow\">\n<figure class=\"wp-block-image size-large\"><img loading=\"lazy\" decoding=\"async\" width=\"1024\" height=\"576\" src=\"https:\/\/vestjysk-totalservice.dk\/wp-contents\/uploads\/2021\/11\/130849694_206191104453566_3591455979688867814_n-2-1024x576.jpg\" alt=\"\" class=\"wp-image-570\" srcset=\"https:\/\/vestjysk-totalservice.dk\/wp-contents\/uploads\/2021\/11\/130849694_206191104453566_3591455979688867814_n-2-1024x576.jpg 1024w, https:\/\/vestjysk-totalservice.dk\/wp-contents\/uploads\/2021\/11\/130849694_206191104453566_3591455979688867814_n-2-300x169.jpg 300w, https:\/\/vestjysk-totalservice.dk\/wp-contents\/uploads\/2021\/11\/130849694_206191104453566_3591455979688867814_n-2-768x432.jpg 768w, https:\/\/vestjysk-totalservice.dk\/wp-contents\/uploads\/2021\/11\/130849694_206191104453566_3591455979688867814_n-2-1536x864.jpg 1536w, https:\/\/vestjysk-totalservice.dk\/wp-contents\/uploads\/2021\/11\/130849694_206191104453566_3591455979688867814_n-2-1x1.jpg 1w, https:\/\/vestjysk-totalservice.dk\/wp-contents\/uploads\/2021\/11\/130849694_206191104453566_3591455979688867814_n-2-600x338.jpg 600w, https:\/\/vestjysk-totalservice.dk\/wp-contents\/uploads\/2021\/11\/130849694_206191104453566_3591455979688867814_n-2.jpg 2048w\" sizes=\"auto, (max-width: 1024px) 100vw, 1024px\" \/><\/figure>\n\n\n\n<p><\/p>\n<\/div>\n\n\n\n<div class=\"wp-block-column is-layout-flow wp-block-column-is-layout-flow\">\n<figure class=\"wp-block-image size-large\"><img loading=\"lazy\" decoding=\"async\" width=\"1024\" height=\"576\" src=\"https:\/\/vestjysk-totalservice.dk\/wp-contents\/uploads\/2021\/11\/131154965_404907740854326_3239487930793566549_n-2-1024x576.jpg\" alt=\"\" class=\"wp-image-571\" srcset=\"https:\/\/vestjysk-totalservice.dk\/wp-contents\/uploads\/2021\/11\/131154965_404907740854326_3239487930793566549_n-2-1024x576.jpg 1024w, https:\/\/vestjysk-totalservice.dk\/wp-contents\/uploads\/2021\/11\/131154965_404907740854326_3239487930793566549_n-2-300x169.jpg 300w, https:\/\/vestjysk-totalservice.dk\/wp-contents\/uploads\/2021\/11\/131154965_404907740854326_3239487930793566549_n-2-768x432.jpg 768w, https:\/\/vestjysk-totalservice.dk\/wp-contents\/uploads\/2021\/11\/131154965_404907740854326_3239487930793566549_n-2-1536x864.jpg 1536w, https:\/\/vestjysk-totalservice.dk\/wp-contents\/uploads\/2021\/11\/131154965_404907740854326_3239487930793566549_n-2-1x1.jpg 1w, https:\/\/vestjysk-totalservice.dk\/wp-contents\/uploads\/2021\/11\/131154965_404907740854326_3239487930793566549_n-2-600x338.jpg 600w, https:\/\/vestjysk-totalservice.dk\/wp-contents\/uploads\/2021\/11\/131154965_404907740854326_3239487930793566549_n-2.jpg 2048w\" sizes=\"auto, (max-width: 1024px) 100vw, 1024px\" \/><\/figure>\n<\/div>\n<\/div>\n\n\n\n<div class=\"wp-block-columns is-layout-flex wp-container-core-columns-is-layout-9d6595d7 wp-block-columns-is-layout-flex\">\n<div class=\"wp-block-column is-layout-flow wp-block-column-is-layout-flow\">\n<figure class=\"wp-block-image size-full\"><img loading=\"lazy\" decoding=\"async\" width=\"960\" height=\"540\" src=\"https:\/\/vestjysk-totalservice.dk\/wp-contents\/uploads\/2021\/11\/162788446_2857461071158918_2213381008649090712_n-1.jpg\" alt=\"\" class=\"wp-image-572\" srcset=\"https:\/\/vestjysk-totalservice.dk\/wp-contents\/uploads\/2021\/11\/162788446_2857461071158918_2213381008649090712_n-1.jpg 960w, https:\/\/vestjysk-totalservice.dk\/wp-contents\/uploads\/2021\/11\/162788446_2857461071158918_2213381008649090712_n-1-300x169.jpg 300w, https:\/\/vestjysk-totalservice.dk\/wp-contents\/uploads\/2021\/11\/162788446_2857461071158918_2213381008649090712_n-1-768x432.jpg 768w, https:\/\/vestjysk-totalservice.dk\/wp-contents\/uploads\/2021\/11\/162788446_2857461071158918_2213381008649090712_n-1-1x1.jpg 1w, https:\/\/vestjysk-totalservice.dk\/wp-contents\/uploads\/2021\/11\/162788446_2857461071158918_2213381008649090712_n-1-600x338.jpg 600w\" sizes=\"auto, (max-width: 960px) 100vw, 960px\" \/><\/figure>\n<\/div>\n\n\n\n<div class=\"wp-block-column is-layout-flow wp-block-column-is-layout-flow\">\n<figure class=\"wp-block-image size-large\"><img loading=\"lazy\" decoding=\"async\" width=\"1024\" height=\"576\" src=\"https:\/\/vestjysk-totalservice.dk\/wp-contents\/uploads\/2021\/11\/IMG_20210916_100343129-1-1024x576.jpg\" alt=\"\" class=\"wp-image-573\" srcset=\"https:\/\/vestjysk-totalservice.dk\/wp-contents\/uploads\/2021\/11\/IMG_20210916_100343129-1-1024x576.jpg 1024w, https:\/\/vestjysk-totalservice.dk\/wp-contents\/uploads\/2021\/11\/IMG_20210916_100343129-1-300x169.jpg 300w, https:\/\/vestjysk-totalservice.dk\/wp-contents\/uploads\/2021\/11\/IMG_20210916_100343129-1-768x432.jpg 768w, https:\/\/vestjysk-totalservice.dk\/wp-contents\/uploads\/2021\/11\/IMG_20210916_100343129-1-1536x864.jpg 1536w, https:\/\/vestjysk-totalservice.dk\/wp-contents\/uploads\/2021\/11\/IMG_20210916_100343129-1-2048x1152.jpg 2048w, https:\/\/vestjysk-totalservice.dk\/wp-contents\/uploads\/2021\/11\/IMG_20210916_100343129-1-1x1.jpg 1w, https:\/\/vestjysk-totalservice.dk\/wp-contents\/uploads\/2021\/11\/IMG_20210916_100343129-1-600x338.jpg 600w\" sizes=\"auto, (max-width: 1024px) 100vw, 1024px\" \/><\/figure>\n<\/div>\n<\/div>\n","protected":false},"excerpt":{"rendered":"<p>Bestil din Gr\u00e6ssl\u00e5ning &amp; h\u00e6kkeklipning nu Tr\u00e6er f\u00e6ldes og buske og h\u00e6kke besk\u00e6res og fjernes H\u00e6kke klippes ogs\u00e5 for industri og foreninger Fliserens m\/ b\u00f8rster Algebehandling Rod\/stubfr\u00e6sning Ops\u00e6tning og rep af Hegn Etablering af gr\u00e6spl\u00e6ner og reparation af \u00e6ldre gr\u00e6spl\u00e6ner Etablering af h\u00e6kke fra A-Z Etablering og s\u00e5ning af rabatter &amp; skr\u00e5ninger m\/ kornblomster, gr\u00e6sser m\/m Gr\u00e6ssl\u00e5ning ogs\u00e5 st\u00f8rre arealer . Servicering i sommerhusomr\u00e5derne ( H\u00f8r n\u00e6rmere ) Slagleklipning nu ogs\u00e5 p\u00e5 skr\u00e5ninger og gr\u00f8fter m\/m Flishugning og tr\u00e6f\u00e6ldning udf\u00f8res. Der kan gives et fast tilbud p\u00e5 en havepasning .. for en s\u00e6son fra ultimo 1\/4 &#8211; 1\/11 Maskinerne kr\u00e6ver ikke meget plads , s\u00e5 de kan komme ind hvor st\u00f8rre maskiner m\u00e5 give op Vi giver gerne et gratis uforpligtende tilbud. Hvorn\u00e5r skal man klippe sine h\u00e6kke? 35 \u00e5r erfaring g\u00f8r forskellen og husk Servicefradraget som jeg gerne er behj\u00e6lpelig med. L\u00f8vb\u00e6rende h\u00e6kke som b\u00f8g, liguster, naur, tj\u00f8rn, fejdribs&hellip;<\/p>\n<p> <a class=\"more-link\" href=\"https:\/\/vestjysk-totalservice.dk\/\">Read more<\/a><\/p>\n","protected":false},"author":1,"featured_media":0,"parent":0,"menu_order":0,"comment_status":"closed","ping_status":"closed","template":"","meta":{"footnotes":""},"class_list":["post-380","page","type-page","status-publish"],"yoast_head":"<!-- This site is optimized with the Yoast SEO plugin v27.2 - https:\/\/yoast.com\/product\/yoast-seo-wordpress\/ -->\n<title>Haveservice &amp; Anl\u00e6gsarbejde - Vestjysk Totalservice<\/title>\n<meta name=\"description\" content=\"Nyetablering af h\u00e6kke , klipning af h\u00e6kke , besk\u00e6ring af h\u00e6kke , tr\u00e6f\u00e6ldning , Plantning\" \/>\n<meta name=\"robots\" content=\"index, follow, max-snippet:-1, max-image-preview:large, max-video-preview:-1\" \/>\n<link rel=\"canonical\" href=\"https:\/\/vestjysk-totalservice.dk\/\" \/>\n<meta property=\"og:locale\" content=\"da_DK\" \/>\n<meta property=\"og:type\" content=\"article\" \/>\n<meta property=\"og:title\" content=\"Haveservice &amp; Anl\u00e6gsarbejde - Vestjysk Totalservice\" \/>\n<meta property=\"og:description\" content=\"Nyetablering af h\u00e6kke , klipning af h\u00e6kke , besk\u00e6ring af h\u00e6kke , tr\u00e6f\u00e6ldning , Plantning\" \/>\n<meta property=\"og:url\" content=\"https:\/\/vestjysk-totalservice.dk\/\" \/>\n<meta property=\"og:site_name\" content=\"Vestjysk Totalservice\" \/>\n<meta property=\"article:publisher\" content=\"https:\/\/www.facebook.com\/vestjysktotalservice\" \/>\n<meta property=\"article:modified_time\" content=\"2025-12-16T10:37:08+00:00\" \/>\n<meta property=\"og:image\" content=\"https:\/\/vestjysk-totalservice.dk\/wp-contents\/uploads\/2025\/12\/IMG_20250410_123333956.jpg\" \/>\n\t<meta property=\"og:image:width\" content=\"553\" \/>\n\t<meta property=\"og:image:height\" content=\"739\" \/>\n\t<meta property=\"og:image:type\" content=\"image\/jpeg\" \/>\n<meta name=\"twitter:card\" content=\"summary_large_image\" \/>\n<meta name=\"twitter:label1\" content=\"Estimeret l\u00e6setid\" \/>\n\t<meta name=\"twitter:data1\" content=\"4 minutter\" \/>\n<script type=\"application\/ld+json\" class=\"yoast-schema-graph\">{\"@context\":\"https:\/\/schema.org\",\"@graph\":[{\"@type\":\"WebPage\",\"@id\":\"https:\/\/vestjysk-totalservice.dk\/\",\"url\":\"https:\/\/vestjysk-totalservice.dk\/\",\"name\":\"Haveservice & Anl\u00e6gsarbejde - Vestjysk Totalservice\",\"isPartOf\":{\"@id\":\"https:\/\/vestjysk-totalservice.dk\/#website\"},\"primaryImageOfPage\":{\"@id\":\"https:\/\/vestjysk-totalservice.dk\/#primaryimage\"},\"image\":{\"@id\":\"https:\/\/vestjysk-totalservice.dk\/#primaryimage\"},\"thumbnailUrl\":\"https:\/\/vestjysk-totalservice.dk\/wp-contents\/uploads\/2025\/12\/IMG_20250410_123333956.jpg\",\"datePublished\":\"2019-12-09T17:03:26+00:00\",\"dateModified\":\"2025-12-16T10:37:08+00:00\",\"description\":\"Nyetablering af h\u00e6kke , klipning af h\u00e6kke , besk\u00e6ring af h\u00e6kke , tr\u00e6f\u00e6ldning , Plantning\",\"breadcrumb\":{\"@id\":\"https:\/\/vestjysk-totalservice.dk\/#breadcrumb\"},\"inLanguage\":\"da-DK\",\"potentialAction\":[{\"@type\":\"ReadAction\",\"target\":[\"https:\/\/vestjysk-totalservice.dk\/\"]}]},{\"@type\":\"ImageObject\",\"inLanguage\":\"da-DK\",\"@id\":\"https:\/\/vestjysk-totalservice.dk\/#primaryimage\",\"url\":\"https:\/\/vestjysk-totalservice.dk\/wp-contents\/uploads\/2025\/12\/IMG_20250410_123333956.jpg\",\"contentUrl\":\"https:\/\/vestjysk-totalservice.dk\/wp-contents\/uploads\/2025\/12\/IMG_20250410_123333956.jpg\",\"width\":553,\"height\":739},{\"@type\":\"BreadcrumbList\",\"@id\":\"https:\/\/vestjysk-totalservice.dk\/#breadcrumb\",\"itemListElement\":[{\"@type\":\"ListItem\",\"position\":1,\"name\":\"Hjem\",\"item\":\"https:\/\/vestjysk-totalservice.dk\/\"},{\"@type\":\"ListItem\",\"position\":2,\"name\":\"Haveservice &#038; Anl\u00e6gsarbejde\"}]},{\"@type\":\"WebSite\",\"@id\":\"https:\/\/vestjysk-totalservice.dk\/#website\",\"url\":\"https:\/\/vestjysk-totalservice.dk\/\",\"name\":\"Vestjysk Totalservice\",\"description\":\"Have &amp; anl\u00e6gsarbejde\",\"publisher\":{\"@id\":\"https:\/\/vestjysk-totalservice.dk\/#organization\"},\"potentialAction\":[{\"@type\":\"SearchAction\",\"target\":{\"@type\":\"EntryPoint\",\"urlTemplate\":\"https:\/\/vestjysk-totalservice.dk\/?s={search_term_string}\"},\"query-input\":{\"@type\":\"PropertyValueSpecification\",\"valueRequired\":true,\"valueName\":\"search_term_string\"}}],\"inLanguage\":\"da-DK\"},{\"@type\":\"Organization\",\"@id\":\"https:\/\/vestjysk-totalservice.dk\/#organization\",\"name\":\"Vestjysk-totalservice\",\"url\":\"https:\/\/vestjysk-totalservice.dk\/\",\"logo\":{\"@type\":\"ImageObject\",\"inLanguage\":\"da-DK\",\"@id\":\"https:\/\/vestjysk-totalservice.dk\/#\/schema\/logo\/image\/\",\"url\":\"https:\/\/vestjysk-totalservice.dk\/wp-contents\/uploads\/2016\/09\/logo3-e1474834406780.jpg\",\"contentUrl\":\"https:\/\/vestjysk-totalservice.dk\/wp-contents\/uploads\/2016\/09\/logo3-e1474834406780.jpg\",\"width\":150,\"height\":97,\"caption\":\"Vestjysk-totalservice\"},\"image\":{\"@id\":\"https:\/\/vestjysk-totalservice.dk\/#\/schema\/logo\/image\/\"},\"sameAs\":[\"https:\/\/www.facebook.com\/vestjysktotalservice\"]}]}<\/script>\n<!-- \/ Yoast SEO plugin. -->","yoast_head_json":{"title":"Haveservice & Anl\u00e6gsarbejde - Vestjysk Totalservice","description":"Nyetablering af h\u00e6kke , klipning af h\u00e6kke , besk\u00e6ring af h\u00e6kke , tr\u00e6f\u00e6ldning , Plantning","robots":{"index":"index","follow":"follow","max-snippet":"max-snippet:-1","max-image-preview":"max-image-preview:large","max-video-preview":"max-video-preview:-1"},"canonical":"https:\/\/vestjysk-totalservice.dk\/","og_locale":"da_DK","og_type":"article","og_title":"Haveservice & Anl\u00e6gsarbejde - Vestjysk Totalservice","og_description":"Nyetablering af h\u00e6kke , klipning af h\u00e6kke , besk\u00e6ring af h\u00e6kke , tr\u00e6f\u00e6ldning , Plantning","og_url":"https:\/\/vestjysk-totalservice.dk\/","og_site_name":"Vestjysk Totalservice","article_publisher":"https:\/\/www.facebook.com\/vestjysktotalservice","article_modified_time":"2025-12-16T10:37:08+00:00","og_image":[{"width":553,"height":739,"url":"https:\/\/vestjysk-totalservice.dk\/wp-contents\/uploads\/2025\/12\/IMG_20250410_123333956.jpg","type":"image\/jpeg"}],"twitter_card":"summary_large_image","twitter_misc":{"Estimeret l\u00e6setid":"4 minutter"},"schema":{"@context":"https:\/\/schema.org","@graph":[{"@type":"WebPage","@id":"https:\/\/vestjysk-totalservice.dk\/","url":"https:\/\/vestjysk-totalservice.dk\/","name":"Haveservice & Anl\u00e6gsarbejde - Vestjysk Totalservice","isPartOf":{"@id":"https:\/\/vestjysk-totalservice.dk\/#website"},"primaryImageOfPage":{"@id":"https:\/\/vestjysk-totalservice.dk\/#primaryimage"},"image":{"@id":"https:\/\/vestjysk-totalservice.dk\/#primaryimage"},"thumbnailUrl":"https:\/\/vestjysk-totalservice.dk\/wp-contents\/uploads\/2025\/12\/IMG_20250410_123333956.jpg","datePublished":"2019-12-09T17:03:26+00:00","dateModified":"2025-12-16T10:37:08+00:00","description":"Nyetablering af h\u00e6kke , klipning af h\u00e6kke , besk\u00e6ring af h\u00e6kke , tr\u00e6f\u00e6ldning , Plantning","breadcrumb":{"@id":"https:\/\/vestjysk-totalservice.dk\/#breadcrumb"},"inLanguage":"da-DK","potentialAction":[{"@type":"ReadAction","target":["https:\/\/vestjysk-totalservice.dk\/"]}]},{"@type":"ImageObject","inLanguage":"da-DK","@id":"https:\/\/vestjysk-totalservice.dk\/#primaryimage","url":"https:\/\/vestjysk-totalservice.dk\/wp-contents\/uploads\/2025\/12\/IMG_20250410_123333956.jpg","contentUrl":"https:\/\/vestjysk-totalservice.dk\/wp-contents\/uploads\/2025\/12\/IMG_20250410_123333956.jpg","width":553,"height":739},{"@type":"BreadcrumbList","@id":"https:\/\/vestjysk-totalservice.dk\/#breadcrumb","itemListElement":[{"@type":"ListItem","position":1,"name":"Hjem","item":"https:\/\/vestjysk-totalservice.dk\/"},{"@type":"ListItem","position":2,"name":"Haveservice &#038; Anl\u00e6gsarbejde"}]},{"@type":"WebSite","@id":"https:\/\/vestjysk-totalservice.dk\/#website","url":"https:\/\/vestjysk-totalservice.dk\/","name":"Vestjysk Totalservice","description":"Have &amp; anl\u00e6gsarbejde","publisher":{"@id":"https:\/\/vestjysk-totalservice.dk\/#organization"},"potentialAction":[{"@type":"SearchAction","target":{"@type":"EntryPoint","urlTemplate":"https:\/\/vestjysk-totalservice.dk\/?s={search_term_string}"},"query-input":{"@type":"PropertyValueSpecification","valueRequired":true,"valueName":"search_term_string"}}],"inLanguage":"da-DK"},{"@type":"Organization","@id":"https:\/\/vestjysk-totalservice.dk\/#organization","name":"Vestjysk-totalservice","url":"https:\/\/vestjysk-totalservice.dk\/","logo":{"@type":"ImageObject","inLanguage":"da-DK","@id":"https:\/\/vestjysk-totalservice.dk\/#\/schema\/logo\/image\/","url":"https:\/\/vestjysk-totalservice.dk\/wp-contents\/uploads\/2016\/09\/logo3-e1474834406780.jpg","contentUrl":"https:\/\/vestjysk-totalservice.dk\/wp-contents\/uploads\/2016\/09\/logo3-e1474834406780.jpg","width":150,"height":97,"caption":"Vestjysk-totalservice"},"image":{"@id":"https:\/\/vestjysk-totalservice.dk\/#\/schema\/logo\/image\/"},"sameAs":["https:\/\/www.facebook.com\/vestjysktotalservice"]}]}},"_links":{"self":[{"href":"https:\/\/vestjysk-totalservice.dk\/index.php\/wp-json\/wp\/v2\/pages\/380","targetHints":{"allow":["GET"]}}],"collection":[{"href":"https:\/\/vestjysk-totalservice.dk\/index.php\/wp-json\/wp\/v2\/pages"}],"about":[{"href":"https:\/\/vestjysk-totalservice.dk\/index.php\/wp-json\/wp\/v2\/types\/page"}],"author":[{"embeddable":true,"href":"https:\/\/vestjysk-totalservice.dk\/index.php\/wp-json\/wp\/v2\/users\/1"}],"replies":[{"embeddable":true,"href":"https:\/\/vestjysk-totalservice.dk\/index.php\/wp-json\/wp\/v2\/comments?post=380"}],"version-history":[{"count":43,"href":"https:\/\/vestjysk-totalservice.dk\/index.php\/wp-json\/wp\/v2\/pages\/380\/revisions"}],"predecessor-version":[{"id":760,"href":"https:\/\/vestjysk-totalservice.dk\/index.php\/wp-json\/wp\/v2\/pages\/380\/revisions\/760"}],"wp:attachment":[{"href":"https:\/\/vestjysk-totalservice.dk\/index.php\/wp-json\/wp\/v2\/media?parent=380"}],"curies":[{"name":"wp","href":"https:\/\/api.w.org\/{rel}","templated":true}]}}